by m(21)?
19
Let z be (-27)/(-18) + 11/2. Suppose -z*o + 314 = 20. What is the remainder when 81 is divided by o?
39
Suppose -20*z + 2430 = -2*z. Calculate the remainder when z is divided by 68.
67
Let y = 468 - 400. Calculate the remainder when y is divided by 18.
14
Suppose -135 + 123 = -4*t. Calculate the remainder when 28 is divided by t.
1
Suppose 0 = -v + 5*v + 120. Calculate the remainder when (-1 + -1)/(-4)*274 is divided by (3/2)/(v/(-700)).
32
What is the remainder when 18/24 - (-5)/((-20)/(-433)) is divided by 23?
17
Let u be (4/5)/(1/5). Suppose o = -u*o + 135. Suppose 119 = -38*r + 651. Calculate the remainder when o is divided by r.
13
Let g = -212 + 449. What is the remainder when g is divided by 61?
54
Let k be ((-40)/15)/((-1)/(-3)). Let g = k + 10. Suppose -x = 0, g*d + x + 10 = 7*d. What is the remainder when 5 is divided by d?
1
Calculate the remainder when 444/(-7)*-1 - (-92)/161 is divided by 27 - (-4)/((-12)/15).
20
Suppose -2*k - 16 = -3*j, 4*j - 3*k = k + 24. Let z be (-14)/(-8) + 1/j. Suppose b = z + 2. Calculate the remainder when 6 is divided by b.
2
Let p = -329 - -343. Calculate the remainder when 22 is divided by p.
8
Let q(r) = 2*r**2 + 19*r + 73. What is the remainder when 108 is divided by q(-7)?
32
Suppose -89 + 19 = -5*c - 5*g, 48 = 3*c + 2*g. What is the remainder when c is divided by 27/4 - 2/(-8)?
6
Let f be 8/6 - 7/21. Let b be (-6 + f)/(19/(-95)). Suppose 5*h + b = 70. Calculate the remainder when 32 is divided by h.
5
Let m(k) = -k**3 + 14*k**2 - 10*k + 153. Let o(r) = -9*r + 3. Calculate the remainder when o(-4) is divided by m(14).
0
Let u(d) = d**3 - 13*d**2 + 4*d + 19. What is the remainder when u(13) is divided by 37?
34
Suppose j - 3*c + 2 = 0, 0 = -4*j - 4*c - 9 + 81. Let t(y) = y**2 - 8. What is the remainder when t(6) is divided by j?
2
Let h = 18 - 6. Let r(v) = 3*v**2 - 8*v - 5. Calculate the remainder when r(-3) is divided by h.
10
Suppose -v + 13 = 2*k - 4, -5*k = 2*v - 34. Let l = 169 - 115. Let f = l + -23. Calculate the remainder when f is divided by v.
14
Let g(i) be the third derivative of -i**5/60 - i**4/12 + 17*i**3/6 - 7*i**2. Let x be g(-11). Let w = 145 + x. What is the remainder when w is divided by 13?
11
Suppose -2*g = -0 - 24. Suppose 6 + 25 = b + 5*y, 29 = 4*b + y. What is the remainder when g is divided by b?
0
Suppose 1753 = -13*f + 5068. What is the remainder when f is divided by 128?
127
Suppose -4*s = -13 - 7. Suppose w - 3 = t, 4*w + 15 = s*w - 5*t. Suppose k = -w*k + 51. Calculate the remainder when k is divided by 18.
15
Suppose -7*z + 2*z = -635. Let p = z + -113. Calculate the remainder when 139 is divided by p.
13
What is the remainder when (2 - 280/16)*-2 is divided by (8/(-4))/((-4)/22)?
9
What is the remainder when 174 - (-9 + (7 - 6)) is divided by 2?
0
Let g be (3/(-5))/((-2)/80). Suppose -14*m + g = -12*m. Suppose -j + 2 - 3 = 0, 3*c - 2*j - 95 = 0. What is the remainder when c is divided by m?
7
Let t be (-2)/(-6) - (-14)/3. Let w = -9 + t. Let z(j) = j**3 + 6*j**2 + 5*j. What is the remainder when 35 is divided by z(w)?
11
Let g be 110/25 - (-2)/(-5). Suppose -g*a + 90 = a. What is the remainder when 41 is divided by (a - 4)/(-1 + 2)?
13
Let x(m) = 6*m - 2. Suppose 0 = -2*n + 10, -n + 4*n - 7 = 4*l. Let v be x(l). What is the remainder when (-5)/(3 + v/(-3)) is divided by 3?
0
Let r(y) = -y**3 + 41*y**2 - 72*y - 222. Suppose g + 129 = 4*g + 3*i, -2*i - 229 = -5*g. What is the remainder when g is divided by r(39)?
9
Let k = 245 - 73. Suppose 0 = 4*r - k + 12. What is the remainder when 117 is divided by r?
37
Suppose -k - 1 = -2*k. Suppose -3*z = -17 - k. What is the remainder when z is divided by 4?
2
Suppose 56 = 11*k + 1. Calculate the remainder when 343 is divided by k.
3
Suppose 4 = 4*g - 4*d, 4*g - 4*d - 9 = -d. Suppose w = -2*b + 5, 15 = 10*w - 7*w - b. Calculate the remainder when g is divided by w.
1
Let l(w) = 301*w - 11. Calculate the remainder when l(1) is divided by 73.
71
Let f(h) = 4*h**2 + 21*h + 15. Calculate the remainder when f(-8) is divided by 44.
15
Calculate the remainder when 191 is divided by 64*(-11)/(4 + -26).
31
Let k be ((-1185)/(-30))/(1/2). Suppose 0 = 5*s + 3*x - k, -3*s + 7*s = 3*x + 74. Let l = -27 + 57. What is the remainder when l is divided by s?
13
Suppose -z + 612 = -5*j, -1974 - 1026 = -5*z - 5*j. Calculate the remainder when z is divided by 11.
8
Let s(v) = 14*v**2 + v. Let l(z) = -z**2. Let g(w) = -2*l(w) + s(w). Let n be g(1). Suppose 7*f - 157 = -n. Calculate the remainder when 99 is divided by f.
19
Let b = -7 - -16. Calculate the remainder when 5/2*34*36/45 is divided by b.
5
Let b be ((-3)/(-3))/((-2)/(-46)). Suppose 0*j + j = b. Suppose 5*x + j = 73. What is the remainder when x is divided by 4?
2
Let r be -2*((-7)/2 - 0). Let z(d) = d**2 - 7*d + 3. Let i be z(r). Suppose 28 = -q + i*q. What is the remainder when 27 is divided by q?
13
Let l(h) = -h**3 - 8*h**2 + 15. Let a = 1 + 12. Let d = a + -9. Calculate the remainder when l(-8) is divided by d.
3
Let v(q) = q**2 + 5*q + 1. Let r be v(-2). Let i(j) = -6*j - 12. Calculate the remainder when i(r) is divided by 7.
4
Let g(v) = -v**3 - v**2 - 4. Let p be g(-3). Let w = p - 15. What is the remainder when 94 is divided by w - ((-1)/(-1) - 26)?
22
Let f(h) = h + 6. Let n(x) = x - 9. Let w be n(9). What is the remainder when ((-132)/(-24))/(2/4) is divided by f(w)?
5
Suppose -2*g - 6*n - 8 = -2*n, 0 = -5*g - 4*n + 4. Let z(i) = -i**2 - 11*i - 14. Suppose 71 + 28 = -11*d. What is the remainder when g is divided by z(d)?
0
Let v be 3/(-9) - 21/(-9). Suppose 0 = v*w + 6, -3*w - 62 = -5*t + 182. Let b(r) = 2*r - 4. Calculate the remainder when t is divided by b(8).
11
Let g(u) = 4*u + 30. Let v be g(-7). Suppose 2*p = -c + 2 + 16, v*p = 0. What is the remainder when 124 is divided by c?
16
What is the remainder when 149 is divided by (3 + -4)/(1/(-22))?
17
Suppose 2*c + 23 = r + 4*r, 0 = -4*r + 5*c + 32. Suppose 69 = 2*y + r*j, -4*j + 12 = -0. What is the remainder when y is divided by 16?
14
Let y = -14 + 10. What is the remainder when 22 - 3 - (y + 2) is divided by 11?
10
Let z = 415 + -281. Let n = -49 + z. Calculate the remainder when n is divided by 44.
41
Let x be (3/6)/(3 - (-68)/(-24)). Suppose 5*u = x*y - 38, 2*y - u - 40 = -10. Calculate the remainder when y is divided by 10.
6
Let i(r) = -r - 7. Let u be i(-14). Suppose u*n = 2*n + 710. Suppose -2*y = -4*k + n - 8, -2*k = y - 69. Calculate the remainder when k is divided by 7.
6
Suppose -2*x - 2*f = -96, 3*x + 5*f + 42 = 4*x. Calculate the remainder when 56 is divided by x.
9
Let m = -13 - -15. What is the remainder when (-602)/(-63) - (-4)/9 is divided by m?
0
Let u = -215 - -336. What is the remainder when u is divided by 58?
5
Let h(x) = 7*x - x - x - 11 - x. Let d(f) = -f**3 - 7*f**2 - 8*f + 3. What is the remainder when d(-6) is divided by h(5)?
6
Let s(b) = -2*b**3 + 38*b**2 - 17*b + 30. What is the remainder when s(18) is divided by 29?
24
What is the remainder when 2/(12*(-8)/(-39120)) is divided by 43?
41
Let i be 1 + -5 + 2 + -129. Let o = 175 + i. Calculate the remainder when o is divided by 20.
4
Let u = -962 - -1091. Calculate the remainder when u is divided by 33.
30
Let l(s) = s**3 + 5*s**2 + 2*s - 7. Let w = -17 - -19. Suppose 19 = w*x - o - 4*o, -2*x - 5*o - 31 = 0. Calculate the remainder when 14 is divided by l(x).
4
Let v = -10 + 8. Let z be 3 + v + 2 + -1. What is the remainder when 17 is divided by (-3 + z/4)*-2?
2
Suppose 5*l = l + 20. Suppose l*j - 292 = 18. What is the remainder when j is divided by 4 + -36*1*((-50)/15 + 3)?
14
Let k = 7 + 123. What is the remainder when k is divided by 30?
10
Suppose 649*j - 640*j - 2556 = 0. Calculate the remainder when j is divided by 79.
47
Let i(y) = -y**3 + 7*y**2 - 7*y + 10. Let o be i(6). Suppose 0 = -o*v - 1 + 5, 4*f + 3*v - 103 = 0. What is the remainder when 97 is divided by f?
22
Let j(c) = 17*c**2 - 19*c + 39. What is the remainder when 128 is divided by j(2)?
59
Suppose 5*x = 2*p - 13, p - 4*x + 1 = -0. Suppose -p = 2*v + 21. Let i = v + 55. What is the remainder when i is divided by 18?
17
Suppose -256 = -6*n + 110. Calculate the remainder when 299 is divided by n.
55
Calculate the remainder when (-4)/3 + 173505/387 is divided by